84?
2, 3, 19, 271, 359
What are the prime factors of 76526333?
13, 17, 20369
List the prime factors of 1403471427.
3, 601, 778409
What are the prime factors of 1898147084?
2, 21481, 22091
List the prime factors of 340209973.
340209973
List the prime factors of 2585553757.
127, 317, 64223
What are the prime factors of 2452038?
2, 3, 31, 13183
What are the prime factors of 1343125120?
2, 5, 17, 123449
List the prime factors of 1032499810.
2, 5, 103, 1002427
What are the prime factors of 209917200?
2, 3, 5, 174931
What are the prime factors of 36580234?
2, 269, 67993
List the prime factors of 5920755327.
3, 20173, 32611
List the prime factors of 65176901.
373, 174737
List the prime factors of 336762880.
2, 5, 32887
What are the prime factors of 57144514?
2, 7, 17, 19, 12637
List the prime factors of 5810429546.
2, 2905214773
List the prime factors of 73762229.
367, 200987
What are the prime factors of 309869233?
19, 109, 149623
List the prime factors of 173872834.
2, 47, 1849711
List the prime factors of 29250024.
2, 3, 163, 7477
List the prime factors of 743880498.
2, 3, 67, 1093, 1693
List the prime factors of 413993070.
2, 3, 5, 53, 229, 379
List the prime factors of 127804986.
2, 3, 193, 12263
What are the prime factors of 510152820?
2, 3, 5, 103, 82549
List the prime factors of 1801831579.
19, 1061, 89381
List the prime factors of 55138751.
23, 233, 10289
List the prime factors of 849114127.
849114127
List the prime factors of 4313455.
5, 883, 977
What are the prime factors of 47397001?
19, 59, 42281
List the prime factors of 1109976831.
3, 41110253
List the prime factors of 4449706.
2, 61, 36473
List the prime factors of 27658962.
2, 3, 353, 1451
What are the prime factors of 706496797?
10613, 66569
List the prime factors of 493988565.
3, 5, 7, 31, 47, 3229
List the prime factors of 504262281.
3, 23, 331, 22079
List the prime factors of 46774952.
2, 7, 79, 97, 109
List the prime factors of 684466058.
2, 821, 416849
List the prime factors of 158793609.
3, 13, 331, 12301
What are the prime factors of 369144207?
3, 43, 953861
What are the prime factors of 1501640637?
3, 7, 359, 409, 487
List the prime factors of 25519095.
3, 5, 7, 81013
List the prime factors of 15066603.
3, 1674067
What are the prime factors of 151363635?
3, 5, 89, 113381
What are the prime factors of 3386923208?
2, 43, 9845707
List the prime factors of 18749412.
2, 3, 11, 113, 419
What are the prime factors of 157017646?
2, 3163, 24821
What are the prime factors of 116975995?
5, 29, 269, 2999
List the prime factors of 82663035.
3, 5, 7, 13, 23, 2633
What are the prime factors of 3031138367?
31, 4021, 24317
What are the prime factors of 42811774?
2, 21405887
What are the prime factors of 233395411?
19, 41, 53, 5653
List the prime factors of 3894049023.
3, 181, 941, 7621
What are the prime factors of 187664190?
2, 3, 5, 7, 17, 52567
List the prime factors of 354201197.
7, 61, 829511
What are the prime factors of 119603147?
5101, 23447
What are the prime factors of 7130451596?
2, 37, 6211, 7757
What are the prime factors of 80300847?
3, 11, 2433359
What are the prime factors of 128122842?
2, 3, 21353807
List the prime factors of 53109701.
29, 1831369
What are the prime factors of 25129431?
3, 2792159
What are the prime factors of 521306304?
2, 3, 53, 51229
List the prime factors of 3151330617.
3, 29, 3761, 9631
List the prime factors of 1560224842.
2, 11, 103, 241, 2857
What are the prime factors of 518951708?
2, 11, 11794357
List the prime factors of 3370004691.
3, 1123334897
What are the prime factors of 330178?
2, 165089
List the prime factors of 3080858969.
43, 2459, 29137
What are the prime factors of 372914487?
3, 11, 103, 36571
What are the prime factors of 447548223?
3, 109, 823, 1663
List the prime factors of 165389126.
2, 7, 11813509
List the prime factors of 63601231.
63601231
List the prime factors of 1580024214.
2, 3, 87779123
What are the prime factors of 6922598?
2, 89, 38891
List the prime factors of 219086145.
3, 5, 31, 157051
What are the prime factors of 72472960?
2, 5, 7, 2311
What are the prime factors of 903339811?
11, 1291, 63611
What are the prime factors of 802839800?
2, 5, 7, 573457
List the prime factors of 147130349.
147130349
What are the prime factors of 125688467?
59, 36107
What are the prime factors of 428828969?
1873, 228953
List the prime factors of 3904173.
3, 7, 13, 227
List the prime factors of 92790510.
2, 3, 5, 23, 89, 1511
List the prime factors of 476320074.
2, 3, 179, 443501
List the prime factors of 339041793.
3, 163, 693337
What are the prime factors of 151860234?
2, 3, 25310039
List the prime factors of 190177453.
17, 3299, 3391
List the prime factors of 446167758.
2, 3, 74361293
List the prime factors of 1482538217.
1482538217
What are the prime factors of 26325561?
3, 1697, 5171
What are the prime factors of 2160557815?
5, 13, 137, 331, 733
List the prime factors of 2231090249.
4177, 534137
List the prime factors of 122478259.
122478259
List the prime factors of 611416305.
3, 5, 17, 37, 21601
What are the prime factors of 982819983?
3, 61, 971, 5531
List the prime factors of 2680010482.
2, 1340005241
List the prime factors of 233293252.
2, 1237, 47149
List the prime factors of 402017506.
2, 11, 23, 37, 109, 197
What are the prime factors of 1634701438?
2, 139, 233, 25237
What are the prime factors of 465807138?
2, 3, 77634523
What are the prime factors of 45440703?
3, 7, 11, 1987
What are the prime factors of 5323520001?
3, 47, 223, 169307
What are the prime factors of 778410422?
2, 67, 5809033
List the prime factors of 238410876.
2, 3, 11, 1806143
What are the prime factors of 468077708?
2, 7, 3541, 4721
List the prime factors of 24789208.
2, 479, 6469
What are the prime factors of 1514658442?
2, 11, 157, 438523
List the prime factors of 34907678.
2, 13, 349, 3847
What are the prime factors of 203046742?
2, 17, 317, 18839
List the prime factors of 1289345968.
2, 307, 262489
List the prime factors of 4141595674.
2, 179, 11568703
What are the prime factors of 41013259?
7, 5859037
What are the prime factors of 2003224067?
13, 37, 929, 4483
What are the prime factors of 5372656682?
2, 3109, 864049
List the prime factors of 4647460717.
2957, 1571681
List the prime factors of 29192723.
7, 17, 245317
List the prime factors of 25126660.
2, 5, 13, 241, 401
What are the prime factors of 85139802?
2, 3, 11, 143333
What are the prime factors of 44887670?
2, 5, 223, 20129
List the prime factors of 1383525.
3, 5, 11, 13, 43
List the prime factors of 383830344.
2, 3, 31, 383, 449
What are the prime factors of 1726869334?
2, 1429, 604223
List the prime factors of 2036563019.
29, 61, 1151251
List the prime factors of 4912384792.
2, 7, 19, 67, 68909
What are the prime factors of 1551454917?
3, 517151639
List the prime factors of 477190804.
2, 151, 790051
What are the prime factors of 2286611835?
3, 5, 152440789
List the prime factors of 5485903758.
2, 3, 83, 401, 9157
What are the prime factors of 139241180?
2, 5, 13, 29, 59, 313
List the prime factors of 66419837.
11, 23, 83, 3163
List the prime factors of 185433950.
2, 5, 13, 285283
List the prime factors of 141596722.
2, 70798361
What are the prime factors of 43457129?
37, 157, 7481
What are the prime factors of 1021700211?
3, 7, 1493, 32587
List the prime factors of 1950886779.
3, 19919, 32647
What are the prime factors of 9000726799?
1117, 8057947
What are the prime factors of 1294123134?
2, 3, 857, 251677
List the prime factors of 1072725514.
2, 7, 3169, 24179
List the prime factors of 8324613.
3, 11, 9343
What are the prime factors of 104559454?
2, 52279727
List the prime factors of 874862658.
2, 3, 3533, 13757
What are the prime factors of 59620852?
2, 73, 2797
What are the prime factors of 1149723231?
3, 19, 971, 20773
What are the prime factors of 17617805?
5, 3523561
List the prime factors of 262212923.
7, 251, 149239
What are the prime factors of 138615661?
233, 594917
List the prime factors of 1196077.
1196077
What are the prime factors of 6199142?
2, 3099571
List the prime factors of 41973148.
2, 7, 1499041
What are the prime factors of 1430523248?
2, 7, 11, 165877
List the prime factors of 783826200.
2, 3, 5, 23, 6311
List the prime factors of 189915818.
2, 1453, 65353
What are 